be x(-3). Suppose 2367 = 3*t + 2*o, -3*t + t + q*o = -1562. Is t a composite number?
False
Let n = -7 + 7. Suppose n = 3*d - d - 48. Let y = 77 - d. Is y composite?
False
Let u = 9 - 4. Suppose -2*r = -2*o - 14, 4*r - 10 = -0*r - u*o. Suppose r*p - 149 = 96. Is p a composite number?
True
Let j(d) = 3 + 5 - 5 + d. Let z be j(3). Suppose 51 + 1251 = z*a. Is a a composite number?
True
Let b(f) = -7*f - 9. Let r be b(-7). Suppose -5*m - a = -11, -m - 2*a + 5 = a. Suppose -r - 130 = -m*w. Is w a composite number?
True
Let s be 1/(-3) - (-30)/(-18). Let j(v) = v**2 + v. Let y be j(s). Suppose -5*c = -y*q + 73, q - 64 = -0*q - 3*c. Is q prime?
False
Suppose -219632 = -14*d + 66402. Is d composite?
False
Suppose 2967 = 2*u - 5*h, 0*h - h = u - 1466. Is u a prime number?
True
Let z(b) = 247*b - 8. Suppose -2*r + 6 = -2*a + 6*a, 5*a = 3*r - 64. Is z(r) composite?
False
Suppose 3*q = 2*q + 2. Suppose 2*y = 3*r - 9, 4*r = 19*y - 14*y + 5. Suppose -155 = -4*x - 5*c, x = q*x + r*c - 50. Is x composite?
True
Suppose -4*f - 5 - 23 = 0. Let j = f - -6. Is (0 - j) + 37 - 1 composite?
False
Let l(h) = h**2 + 4*h - 12. Let x be l(-6). Is (158 + x)*(-15)/(-30) prime?
True
Let w = 1897 - 1012. Suppose w = 4*l + l. Is l a prime number?
False
Let p(y) = 8*y**2 - 6*y + 7. Suppose 82 = 3*t + 4*j, 0*j + j = t - 18. Suppose 5*o - 34 = 3*f + 8, 5*o = -2*f + t. Is p(o) a composite number?
True
Let j(u) = 2*u - 16. Let a be j(6). Let y(q) = -q**3 - 3*q**2 + 4*q - 1. Let z be y(a). Is (1 - z) + 581 + 0 a prime number?
False
Suppose -52*n - 25*n = -313621. Is n a composite number?
False
Let m(y) = y**3 - 18*y**2 + 8*y - 15. Suppose -g + 2*g - 5*l - 22 = 0, -3*g + 18 = -3*l. Suppose j - 4*j + g*p + 44 = 0, 5*p - 25 = 0. Is m(j) prime?
False
Let z(f) = -2*f + 3. Let i(k) = -3*k + 5. Let x(n) = -3*i(n) + 5*z(n). Let h be x(-3). Suppose -6*w + 3*w + 175 = 5*u, -w - h*u + 53 = 0. Is w a prime number?
False
Let n = -2928 - -7177. Is n a composite number?
True
Suppose -33*l + 297950 = 17*l. Is l prime?
False
Let m(w) = 5*w**2 + 30*w - 28. Is m(-17) a composite number?
False
Let p(s) = 387*s**2 - 5*s - 13. Let m(r) = -1934*r**2 + 24*r + 66. Let d(x) = 2*m(x) + 11*p(x). Is d(-2) a composite number?
False
Suppose 3*w + 5*s = 13349, 2*w + 3*s - 235 = 8663. Is w composite?
True
Suppose 5*f + 5*i - 50 - 10 = 0, 2*f - 24 = 2*i. Let t = f - 9. Suppose -t*o = 5*c - 666, -o + 185 = -3*c - 23. Is o a composite number?
True
Suppose 4*k - 2*a = 7142, 3*k - 4*a + 131 = 5490. Let t = k + -736. Is t composite?
False
Let v(o) = 19 + 16*o**2 - 9*o**3 + 2*o - o**3 + 9*o**3. Suppose 2*m + 3*m - 80 = 0. Is v(m) composite?
True
Let q(i) = i**3 + 7*i**2 + 2*i + 7. Let c(b) = -b**3 - 7*b**2 - b - 7. Let z(o) = 6*c(o) + 5*q(o). Is z(-10) a composite number?
True
Let z = 2987 + 2122. Suppose -5*t = -z - 13481. Suppose 0 = -5*x - d + 3716, -t = -x - 4*x - 3*d. Is x a composite number?
False
Let h be (-36)/(-24)*764/3. Let f(p) = -10*p**2 - 13*p - 6. Let x be f(-5). Let s = x + h. Is s a composite number?
False
Let p(w) = -166*w**2 + 3*w + 6. Let n(c) be the third derivative of 331*c**5/60 - 5*c**4/24 - 11*c**3/6 + 3*c**2. Let k(j) = 4*n(j) + 7*p(j). Is k(1) composite?
True
Let n(p) = -4201*p**3 - 2*p**2 - p + 1. Is n(-1) composite?
False
Let u(w) = 22*w + 5. Suppose -f + 5 = 2. Suppose 4*k = 3*o - 27, f*o + 0*k + 4*k = 27. Is u(o) prime?
False
Suppose g - o = 4*o + 14, o + 27 = -2*g. Let z(q) = 6*q + 18. Let b be z(12). Let h = g + b. Is h prime?
True
Is ((450/(-20))/(-15))/((-6)/(-17764)) prime?
True
Let x(l) = -l**3 - 5*l**2 + 7*l + 5. Let c be x(-6). Is (-51656)/(-24) - (c - (-1)/3) composite?
False
Let z = -74138 - -122851. Is z a prime number?
False
Let y(n) = 2*n**3 + n**2 + 2. Let h be y(0). Let m(i) = 10*i**3 + i**2 - 4*i + 3. Is m(h) composite?
False
Let p = 1810 - 687. Is p a composite number?
False
Let b(r) = -2*r**3 + 18*r**2 - 3*r + 2 + r - 15*r**2. Let k be b(2). Let q(t) = -68*t + 1. Is q(k) prime?
True
Suppose 0 = z - 4*u + 12064, 4*z + 20795 + 27389 = -2*u. Is (-3)/27 + z/(-54) a prime number?
True
Suppose -9*v + 12 = -6. Suppose -4 = -4*z, 3*h - v*z - 36 = 625. Is h prime?
False
Let h be -1*(-1 - (0 + -1)). Suppose -g + k = -h*g - 36, -2*g + 88 = 2*k. Suppose 4*o = -4*n + g + 432, -o + 570 = 5*n. Is n a composite number?
False
Suppose -43*z + 4*z + 70629 = 0. Is z prime?
True
Is ((-589611)/22)/17*-2 composite?
True
Let v = -123 + 123. Is (-3)/9 + (-4184)/(-6) + v a prime number?
False
Suppose -2 = -2*j + 4. Suppose 0 = 3*h + 2*w - 832, -4*w + 634 = j*h - 208. Is h prime?
False
Let i = 1143 - -1148. Is i composite?
True
Let s(b) = 2061*b - 10. Is s(1) a prime number?
False
Let x(b) = -5*b - 16. Let d be x(-7). Is (1 - 1) + (d - -246) a composite number?
True
Let t(g) = g**2 + 1. Let z(r) = r**3 + 10*r**2 + 10*r - 10. Suppose -25 = -7*i + 2*i. Let x(m) = i*t(m) + z(m). Is x(-12) prime?
True
Is (11335 - 6)/((-1)/(-13)) a composite number?
True
Suppose -3*s + j = -17308 - 13348, -5*s + j + 51094 = 0. Is s composite?
True
Let y be 109/(-3) + (-2)/(-6). Is 11/((-66)/y)*3/2 composite?
True
Suppose 3*r + f = 3638, 2*f - 1220 = -r - 2*f. Suppose 0*l - 2*l = -r. Let d = l - 367. Is d a prime number?
True
Let n = -9159 - -15560. Is n a composite number?
True
Let y be ((-3)/(-9))/((-3)/27). Let g(s) = -s**3 - 2*s**2 + 3*s + 3. Let h be g(y). Is (2 - h)/((-3)/549) a prime number?
False
Let n(g) = g**2 - 2*g + 2. Let m be n(3). Suppose 0 = 2*c + 3*c + m. Is 194 - (1 + 0 + c) a prime number?
False
Let i(c) = -8*c - 4. Let h(a) = -7*a - 4. Let t(j) = -4*h(j) + 3*i(j). Let w be t(3). Suppose -w*y + 17*y = 39. Is y a composite number?
True
Let u(k) be the first derivative of 9*k**5/20 - k**4/3 - 2*k**2 + 4*k - 7. Let d(t) be the first derivative of u(t). Is d(3) a prime number?
False
Let c = 67844 - 15845. Is c a composite number?
True
Let w(o) = -o**3 - 2*o**2 + 326 + 2*o**2 + o + 139. Let u be w(0). Suppose -3*x = 2*x - u. Is x a composite number?
True
Let v = 3899 + -2538. Is v composite?
False
Let o(h) = -h + 48. Let i be o(15). Let f(b) = 3*b**3 - b**2 + b - 2. Let w be f(2). Suppose -c + w = -i. Is c composite?
False
Let z(q) = 6*q**2 - 3*q + 4. Let a be 4/22 - (-70)/(-22). Let o(k) = -5*k**2 + 3*k - 5. Let b(s) = a*o(s) - 2*z(s). Is b(6) a prime number?
True
Let c(p) = -p**3 - 3*p**2 + 16*p + 49. Is c(-9) composite?
True
Let q(f) = f**3 - 4*f**2 - 9*f + 3. Let n be (-92)/28 - (-2)/7. Let o be (4 + 9/n)*6. Is q(o) a composite number?
True
Let n be (-6)/(-4)*(-16)/(-6). Suppose 9*c - n*c - 6 = -3*p, -2*c + 4*p + 18 = 0. Suppose d + c*d = 1148. Is d a prime number?
False
Let w = 8 + 813. Is w composite?
False
Let a(c) = 12*c**2 - 112*c - 25. Is a(-56) a composite number?
True
Suppose 17*q - 51490 = 12*q. Let a = q + -7257. Is a prime?
True
Let f(x) = -x**3 + 49*x**2 - 138*x + 13. Is f(40) a composite number?
False
Let p = 11 + -413. Is ((-3)/((-36)/p))/((-2)/4) composite?
False
Suppose 3*s + 4*h - 9575 = 0, 0 = -h - 0*h - 4. Is s a composite number?
True
Let s(a) = 23*a. Let m(o) = 2*o - 21. Let r be m(11). Is s(r) a composite number?
False
Suppose 2*z + 4*r - 3*r - 11 = 0, 2*z - 5 = -3*r. Suppose 4*q - 5*i - 36 = 0, -z*q + 4*i = -2*q - 36. Is (99 - -4)*(q - 3) composite?
False
Is (27 + -25)*(-2)/(4/(-1087)) prime?
True
Suppose 3*d + 22 = 5*d. Let g = d - 10. Suppose -f + g + 14 = 0. Is f composite?
True
Suppose 4*t = -l + 228 + 62, -2*l = -5*t - 580. Suppose -3*a - 3*q = -64 - l, 5*a - 578 = -q. Is a a prime number?
False
Let h(l) = 5617*l - 75. Is h(2) a composite number?
False
Let t = -18708 + 28427. Is t prime?
True
Let i = -13 - -17. Let s(b) = b**3 - 4*b**2 + b - 5. Let k be s(i). Is (-4 - -4)/k - -79 a composite number?
False
Suppose -2*d - 1791 = -b, b = d - 589 + 2385. Is b composite?
False
Let s = 511280 + -360001. Is s prime?
True
Let z be (-6 + 3)/((-2)/444). Let i = 1192 - z. Is i a prime number?
False
Let t = 255 - 9. Suppose 693 = q + t. Is q prime?
False
Is (-836688)/(-38) - -1 - 8/76 a prime number?
False
Let b(j) = 2*j - 1. Let z be b(1). Let k be 5040/((-3)/(-1)) + z. Suppose -4*i - n + k = 0, 2*i + 2*n - 813 = 7*n. Is i composite?
False
Suppose -g = -2 - 4. Let a be g/(4 + -3)*1. Suppose 2335 = -q + a*q. Is q prime?
True
Let y(j) = 3*j + 12. Let w be y(11). Suppose -3*m = -w - 168